{"id":23276,"date":"2025-09-17T15:24:00","date_gmt":"2025-09-17T13:24:00","guid":{"rendered":"https:\/\/www.iselection.com\/b2c\/?page_id=23276"},"modified":"2026-04-27T15:15:48","modified_gmt":"2026-04-27T13:15:48","slug":"accessibilite","status":"publish","type":"page","link":"https:\/\/www.iselection.com\/b2c\/accessibilite\/","title":{"rendered":"D\u00e9claration d\u2019accessibilit\u00e9"},"content":{"rendered":"\n<section class=\" block block-text\" id=\"block--1\">\n  <div class=\"text-body\">\n    <p>ISELECTION s\u2019engage \u00e0 rendre ses sites internet, intranet, extranet et ses progiciels accessibles (et ses applications mobiles et mobilier urbain num\u00e9rique) conform\u00e9ment \u00e0 l\u2019article 47 de la loi n\u00b02005-102 du 11 f\u00e9vrier 2005.<\/p>\n<p>\u00c0 cette fin, ISELECTION s\u2019engage \u00e0 publier prochainement son sch\u00e9ma pluriannuel de mise en accessibilit\u00e9 et les plans d\u2019actions.<\/p>\n<p>Cette d\u00e9claration d\u2019accessibilit\u00e9 s\u2019applique \u00e0 www.iselection.com.<\/p>\n<h2>\u00c9tat de conformit\u00e9<\/h2>\n<p><a href=\"https:\/\/www.iselection.com\">iSelection<\/a> est <strong>non conforme<\/strong> avec le R\u00e9f\u00e9rentiel G\u00e9n\u00e9ral d\u2019Am\u00e9lioration de l\u2019Accessibilit\u00e9 (RGAA), version 4.1.2 en raison des non-conformit\u00e9s \u00e9num\u00e9r\u00e9es ci-dessous.<\/p>\n<h2>R\u00e9sultats des tests<\/h2>\n<p>L\u2019audit de conformit\u00e9 r\u00e9alis\u00e9 par <a href=\"https:\/\/www.ethicfirst.fr\" target=\"_blank\" title=\"Ethic First (nouvelle fen\u00eatre)\">Ethic First<\/a> r\u00e9v\u00e8le que 31,58% des crit\u00e8res du RGAA version 4.1.2 sont respect\u00e9s.<\/p>\n<h2>Contenus non accessibles<\/h2>\n<h3>Non-conformit\u00e9s<\/h3>\n<ul>\n<!--1.1--><\/p>\n<li>Des images porteuses d&rsquo;information n&rsquo;ont pas d&rsquo;alternative textuelle, comme les logos des partenaires sur la page \u00ab\u00a0Qui sommes-nous\u00a0\u00bb, le logo Google et les \u00e9toiles des avis sur les pages des programmes&nbsp;;<\/li>\n<p><!--1.2--><\/p>\n<li>Des images de d\u00e9coration ne sont pas correctement ignor\u00e9es par les technologies d&rsquo;assistance&nbsp;;<\/li>\n<p><!--1.3--><\/p>\n<li>Des images porteuses d&rsquo;information ont une alternative textuelle non pertinente&nbsp;;<\/li>\n<p><!--1.6--><\/p>\n<li>Des images porteuses d&rsquo;information n&rsquo;ont pas de description d\u00e9taill\u00e9e, comme des graphiques dans des articles, les sch\u00e9mas sur la page \u00ab\u00a0Nue propri\u00e9t\u00e9\u00a0\u00bb et l&rsquo;infographie du dispositif Malraux sur la page \u00ab\u00a0Dispositif fiscal Malraux\u00a0\u00bb&nbsp;;<\/li>\n<p><!--1.8--><\/p>\n<li>Des images porteuses d&rsquo;information doivent \u00eatre remplac\u00e9es par du texte styl\u00e9 ou poss\u00e9der un m\u00e9canisme de remplacement, comme des images pr\u00e9sentant des chiffres dans certains articles&nbsp;;<\/li>\n<p><!--3.1--><\/p>\n<li>Certaines informations ne sont donn\u00e9es que par la couleur, comme sur les diagrammes dans certains articles et les onglets sur la page \u00ab\u00a0Contact\u00a0\u00bb&nbsp;;<\/li>\n<p><!--3.2--><\/p>\n<li>Certains textes sont trop peu contrast\u00e9s avec leur arri\u00e8re-plan&nbsp;;<\/li>\n<p><!--3.3--><\/p>\n<li>Certains composants d&rsquo;interface sont trop peu contrast\u00e9s avec leur arri\u00e8re-plan&nbsp;;<\/li>\n<p><!--4.8--><\/p>\n<li>Certains m\u00e9dias non temporels n&rsquo;ont pas d&rsquo;alternative, comme certaines informations sur les cartes de localisation des programmes&nbsp;;<\/li>\n<p><!--6.1--><\/p>\n<li>Des liens ne sont pas suffisamment explicites&nbsp;;<\/li>\n<p><!--6.2--><\/p>\n<li>Des liens n&rsquo;ont pas d&rsquo;intitul\u00e9&nbsp;;<\/li>\n<p><!--7.1--><\/p>\n<li>Des composants d&rsquo;interface ne sont pas compatibles avec les technologies d&rsquo;assistance, comme le menu de navigation principal, les fen\u00eatres modales, les carrousels, les onglets, le bouton d&rsquo;accessibilit\u00e9, des liens, des boutons, des notes de bas de page, le fil d&rsquo;ariane, des boutons radio, les accord\u00e9ons, les comboboxes&nbsp;;<\/li>\n<p><!--7.3--><\/p>\n<li>Des composants d&rsquo;interface ne sont pas accessibles au clavier ou \u00e0 tout autre dispositif de pointage, comme les accord\u00e9ons, les onglets, les comboboxes, les boutons radio, la carte de s\u00e9lection d&rsquo;une r\u00e9gion sur la page de recherche&nbsp;;<\/li>\n<p><!--7.5--><\/p>\n<li>Des messages de statut ne sont pas restitu\u00e9s par les technologies d&rsquo;assistance, comme le nombre de r\u00e9sultats de recherche&nbsp;;<\/li>\n<p><!--8.6--><\/p>\n<li>Certaines pages n&rsquo;ont pas de titre pertinent, comme celui des pages des r\u00e9sultats de recherche qui ne comporte pas le num\u00e9ro de la page courante&nbsp;;<\/li>\n<p><!--8.9--><\/p>\n<li>Des balises sont utilis\u00e9es uniquement \u00e0 des fins de pr\u00e9sentation&nbsp;;<\/li>\n<p><!--9.1--><\/p>\n<li>Le contenu n&rsquo;est pas toujours structur\u00e9 par des titres&nbsp;;<\/li>\n<p><!--9.2--><\/p>\n<li>Certaines balises de structuration de contenu sont absentes ou ne sont pas nomm\u00e9es&nbsp;;<\/li>\n<p><!--9.3--><\/p>\n<li>Certains contenus successifs (contenu textuel sous forme de liste) ne sont pas structur\u00e9s dans des listes&nbsp;;<\/li>\n<p><!--9.4--><\/p>\n<li>Des citations ne sont pas indiqu\u00e9es, comme les avis sur les pages des programmes&nbsp;;<\/li>\n<p><!--10.2--><\/p>\n<li>Du contenu visible porteur d\u2019information n&rsquo;est plus pr\u00e9sent lorsque les feuilles de style sont d\u00e9sactiv\u00e9es&nbsp;;<\/li>\n<p><!--10.3--><\/p>\n<li>Du contenu n&rsquo;est plus compr\u00e9hensible lorsque les feuilles de style sont d\u00e9sactiv\u00e9es&nbsp;;<\/li>\n<p><!--10.5--><\/p>\n<li>Des d\u00e9clarations CSS de couleurs de fond et de police ne sont pas impl\u00e9ment\u00e9es&nbsp;;<\/li>\n<p><!--10.7--><\/p>\n<li>La prise de focus n&rsquo;est pas toujours visible&nbsp;;<\/li>\n<p><!--10.9--><\/p>\n<li>L\u2019information est parfois donn\u00e9e uniquement par la forme, la taille ou la position&nbsp;;<\/li>\n<p><!--10.12--><\/p>\n<li>L\u2019espacement du texte entra\u00eene une perte de contenu ou de fonctionnalit\u00e9&nbsp;;<\/li>\n<p><!--10.14--><\/p>\n<li>Des contenus additionnels apparaissant via les styles CSS uniquement ne peuvent \u00eatre rendus visibles au clavier ou au moyen de tout dispositif de pointage&nbsp;;<\/li>\n<p><!--11.1--><\/p>\n<li>Des champs de formulaire n&rsquo;ont pas d&rsquo;\u00e9tiquette&nbsp;;<\/li>\n<p><!--11.5--><\/p>\n<li>Des champs de m\u00eame nature ne sont pas regroup\u00e9s&nbsp;;<\/li>\n<p><!--11.10--><\/p>\n<li>Dans certains formulaires, le caract\u00e8re obligatoire de certains champs n&rsquo;est pas indiqu\u00e9 et le contr\u00f4le de saisie n&rsquo;est pas impl\u00e9ment\u00e9 de mani\u00e8re accessible, car les messages d&rsquo;erreur associ\u00e9s aux champs ne sont pas annonc\u00e9s par les technologies d&rsquo;assistance lorsque le focus est sur ces champs&nbsp;;<\/li>\n<p><!--11.11--><\/p>\n<li>Les messages d&rsquo;erreurs de champs de formulaire attendant un format de donn\u00e9es ne donnent pas d&rsquo;exemple r\u00e9el facilitant la correction&nbsp;;<\/li>\n<p><!--11.13--><\/p>\n<li>Des champs comme Pr\u00e9nom, Nom, E-mail, T\u00e9l\u00e9phone ne se remplissent pas automatiquement avec les informations d\u00e9j\u00e0 connues du navigateur&nbsp;;<\/li>\n<p><!--12.2--><\/p>\n<li>Dans chaque ensemble de pages, le fil d&rsquo;ariane n&rsquo;est pas toujours \u00e0 la m\u00eame place&nbsp;;<\/li>\n<p><!--12.6--><\/p>\n<li>Les zones de groupement de contenus pr\u00e9sentes sur plusieurs pages ne peuvent pas toutes \u00eatre atteintes ou \u00e9vit\u00e9es&nbsp;;<\/li>\n<p><!--12.7--><\/p>\n<li>Il n&rsquo;y a pas de lien d\u2019\u00e9vitement ou d\u2019acc\u00e8s rapide \u00e0 la zone de contenu principal&nbsp;;<\/li>\n<p><!--12.8--><\/p>\n<li>L&rsquo;ordre de tabulation n&rsquo;est pas toujours coh\u00e9rent&nbsp;;<\/li>\n<p><!--13.3--><\/p>\n<li>Les documents bureautiques en t\u00e9l\u00e9chargement ne poss\u00e8dent pas de version accessible&nbsp;;<\/li>\n<p><!--13.8--><\/p>\n<li>Du contenu en mouvement ou clignotant n&rsquo;est pas contr\u00f4lable par l&rsquo;utilisateur, comme les logos sur la page \u00ab\u00a0Qui sommes-nous ?\u00a0\u00bb&nbsp;;<\/li>\n<p><!--13.10--><\/p>\n<li>Les fonctionnalit\u00e9s utilisables ou disponibles au moyen d\u2019un geste complexe ne sont pas disponibles au moyen d\u2019un geste simple.<\/li>\n<\/ul>\n<h2>\u00c9tablissement de cette d\u00e9claration d\u2019accessibilit\u00e9<\/h2>\n<p>Cette d\u00e9claration a \u00e9t\u00e9 \u00e9tablie le 27\/11\/2025.<\/p>\n<h3>Technologies utilis\u00e9es pour la r\u00e9alisation du site<\/h3>\n<ul>\n<li>HTML5<\/li>\n<li>CSS<\/li>\n<li>JavaScript<\/li>\n<li>PDF<\/li>\n<\/ul>\n<h3>Environnement de test<\/h3>\n<p>Les v\u00e9rifications de restitution de contenus ont \u00e9t\u00e9 r\u00e9alis\u00e9es sur la base de la combinaison fournie par la base de r\u00e9f\u00e9rence du RGAA, avec les versions suivantes&nbsp;: Firefox version 145.0.2 et NVDA 2025.3.1.<\/p>\n<h3>Outils pour \u00e9valuer l&rsquo;accessibilit\u00e9<\/h3>\n<ul>\n<li>Module ANDI (<span lang=\"en\">Accessible Name and Description Inspector<\/span>)&nbsp;;<\/li>\n<li><span lang=\"en\">Colour Contrast Analyser<\/span>&nbsp;;<\/li>\n<li>Extension <span lang=\"en\">Web Developer<\/span>&nbsp;;<\/li>\n<li>Outils pour d\u00e9veloppeurs int\u00e9gr\u00e9s au navigateur Firefox&nbsp;;<\/li>\n<\/ul>\n<h3>Pages du site ayant fait l&rsquo;objet de la v\u00e9rification de conformit\u00e9<\/h3>\n<ul>\n<li><a href=\"https:\/\/www.iselection.com\">Accueil<\/a>&nbsp;;<\/li>\n<li><a href=\"https:\/\/www.iselection.com\/b2c\/contact\/\">Contact<\/a>&nbsp;;<\/li>\n<li><a href=\"https:\/\/www.iselection.com\/b2c\/plan-du-site\/\">Plan du site<\/a>&nbsp;;<\/li>\n<li><a href=\"https:\/\/www.iselection.com\/b2c\/mentions\/\">Mentions l\u00e9gales<\/a>&nbsp;;<\/li>\n<li><a href=\"https:\/\/www.iselection.com\/b2c\/accessibilite\/\">Accessibilit\u00e9<\/a>&nbsp;;<\/li>\n<li><a href=\"https:\/\/www.iselection.com\/b2c\/qui-sommes-nous\/\">Qui sommes-nous ?<\/a>&nbsp;;<\/li>\n<li><a href=\"https:\/\/www.iselection.com\/b2c\/programmes-immobilier\/?livraison=2025&amp;tri=date#search\">R\u00e9sultats de recherche immobilier<\/a>&nbsp;;<\/li>\n<li><a href=\"https:\/\/www.iselection.com\/b2c\/blog\/?search=&amp;resultats-par-page=10&amp;categorie=fiscalites&amp;tag=nue-propriete\">R\u00e9sultats de recherche actualit\u00e9<\/a>&nbsp;;<\/li>\n<li><a href=\"https:\/\/www.iselection.com\/b2c\/bien-immobilier\/investissement-regime-commun-classique-villers-les-nancy-54-ville-et-nature-rc-13270-2\/\">Page d&rsquo;un programme immobilier<\/a>&nbsp;;<\/li>\n<li><a href=\"https:\/\/www.iselection.com\/b2c\/blog\/nos-conseils\/residence-tourisme-affaire-meublee\/\">Investir dans une r\u00e9sidence meubl\u00e9e<\/a>&nbsp;;<\/li>\n<li><a href=\"https:\/\/www.iselection.com\/b2c\/investir\/dispositif-fiscal-nue-propriete\/\">Nue propri\u00e9t\u00e9<\/a>&nbsp;;<\/li>\n<li><a href=\"https:\/\/www.iselection.com\/b2c\/blog\/nos-conseils\/comparaison-dispositifs-fiscaux\/\">Comparatif des dispositifs fiscaux<\/a>&nbsp;;<\/li>\n<li><a href=\"https:\/\/www.iselection.com\/b2c\/investir\/dispositif-fiscal-malraux\/#0\">Fiche Malraux<\/a>&nbsp;.<\/li>\n<\/ul>\n<h2>Retour d\u2019information et contact<\/h2>\n<p>Si vous n\u2019arrivez pas \u00e0 acc\u00e9der \u00e0 un contenu ou \u00e0 un service, vous pouvez contacter le responsable du site pour \u00eatre orient\u00e9 vers une alternative accessible ou obtenir le contenu sous une autre forme.<\/p>\n<ul>\n<li>Envoyer un message \u00e0&nbsp;<a href=\"mailto:accessibilite-numerique@nexity.fr\">accessibilite-numerique@nexity.fr<\/a><\/li>\n<\/ul>\n<h2>Voies de recours<\/h2>\n<p>Si vous constatez un d\u00e9faut d\u2019accessibilit\u00e9 vous emp\u00eachant d\u2019acc\u00e9der \u00e0 un contenu ou une fonctionnalit\u00e9 du site, que vous nous le signalez et que vous ne parvenez pas \u00e0 obtenir une r\u00e9ponse de notre part, vous \u00eates en droit de faire parvenir vos dol\u00e9ances ou une demande de saisine au D\u00e9fenseur des droits.<\/p>\n<p>Plusieurs moyens sont \u00e0 votre disposition&nbsp;:<\/p>\n<ul>\n<li>\u00c9crire un message au<br \/>\n\t\t<a href=\"https:\/\/formulaire.defenseurdesdroits.fr\/\">D\u00e9fenseur des droits<\/a>\n\t<\/li>\n<li>Contacter le<br \/>\n\t\t<a href=\"https:\/\/www.defenseurdesdroits.fr\/saisir\/delegues\">d\u00e9l\u00e9gu\u00e9 du D\u00e9fenseur des droits<\/a> dans votre r\u00e9gion\n\t<\/li>\n<li>Envoyer un courrier par la poste (gratuit, ne pas mettre de timbre) \u00e0 D\u00e9fenseur des droits, Libre r\u00e9ponse 71120, 75342 Paris CEDEX 07\n\t<\/li>\n<\/ul>\n  <\/div>\n<\/section>\n","protected":false},"excerpt":{"rendered":"<p>ISELECTION s\u2019engage \u00e0 rendre ses sites internet, intranet, extranet et ses progiciels accessibles (et ses applications mobiles et mobilier urbain num\u00e9rique) conform\u00e9ment \u00e0 l\u2019article 47 de la loi n\u00b02005-102 du 11 f\u00e9vrier 2005.<br \/>\n\u00c0 cette fin, ISELECTION&#8230;<\/p>\n","protected":false},"author":2,"featured_media":0,"parent":0,"menu_order":0,"comment_status":"closed","ping_status":"closed","template":"","meta":{"_acf_changed":true,"footnotes":""},"class_list":["post-23276","page","type-page","status-publish","hentry"],"acf":[],"yoast_head":"<!-- This site is optimized with the Yoast SEO Premium plugin v27.2 (Yoast SEO v27.2) - https:\/\/yoast.com\/product\/yoast-seo-premium-wordpress\/ -->\n<title>D\u00e9claration d\u2019accessibilit\u00e9 | iSelection<\/title>\n<meta name=\"description\" content=\"ISELECTION s\u2019engage \u00e0 rendre ses sites internet, intranet, extranet et ses progiciels accessibles (et ses applications mobiles et mobilier urbain num\u00e9rique) conform\u00e9ment \u00e0 l\u2019article 47 de la loi n\u00b02005-102 du 11 f\u00e9vrier 2005. \u00c0 cette fin, ISELECTION...\" \/>\n<meta name=\"robots\" content=\"index, follow, max-snippet:-1, max-image-preview:large, max-video-preview:-1\" \/>\n<link rel=\"canonical\" href=\"https:\/\/www.iselection.com\/b2c\/accessibilite\/\" \/>\n<meta property=\"og:locale\" content=\"fr_FR\" \/>\n<meta property=\"og:type\" content=\"article\" \/>\n<meta property=\"og:title\" content=\"D\u00e9claration d\u2019accessibilit\u00e9\" \/>\n<meta property=\"og:description\" content=\"ISELECTION s\u2019engage \u00e0 rendre ses sites internet, intranet, extranet et ses progiciels accessibles (et ses applications mobiles et mobilier urbain num\u00e9rique) conform\u00e9ment \u00e0 l\u2019article 47 de la loi n\u00b02005-102 du 11 f\u00e9vrier 2005. \u00c0 cette fin, ISELECTION...\" \/>\n<meta property=\"og:url\" content=\"https:\/\/www.iselection.com\/b2c\/accessibilite\/\" \/>\n<meta property=\"og:site_name\" content=\"iSelection\" \/>\n<meta property=\"article:modified_time\" content=\"2026-04-27T13:15:48+00:00\" \/>\n<meta name=\"twitter:card\" content=\"summary_large_image\" \/>\n<script type=\"application\/ld+json\" class=\"yoast-schema-graph\">{\"@context\":\"https:\/\/schema.org\",\"@graph\":[{\"@type\":\"WebPage\",\"@id\":\"https:\/\/www.iselection.com\/b2c\/accessibilite\/\",\"url\":\"https:\/\/www.iselection.com\/b2c\/accessibilite\/\",\"name\":\"D\u00e9claration d\u2019accessibilit\u00e9 | iSelection\",\"isPartOf\":{\"@id\":\"https:\/\/www.iselection.com\/b2c\/#website\"},\"datePublished\":\"2025-09-17T13:24:00+00:00\",\"dateModified\":\"2026-04-27T13:15:48+00:00\",\"description\":\"ISELECTION s\u2019engage \u00e0 rendre ses sites internet, intranet, extranet et ses progiciels accessibles (et ses applications mobiles et mobilier urbain num\u00e9rique) conform\u00e9ment \u00e0 l\u2019article 47 de la loi n\u00b02005-102 du 11 f\u00e9vrier 2005. \u00c0 cette fin, ISELECTION...\",\"breadcrumb\":{\"@id\":\"https:\/\/www.iselection.com\/b2c\/accessibilite\/#breadcrumb\"},\"inLanguage\":\"fr-FR\",\"potentialAction\":[{\"@type\":\"ReadAction\",\"target\":[\"https:\/\/www.iselection.com\/b2c\/accessibilite\/\"]}]},{\"@type\":\"BreadcrumbList\",\"@id\":\"https:\/\/www.iselection.com\/b2c\/accessibilite\/#breadcrumb\",\"itemListElement\":[{\"@type\":\"ListItem\",\"position\":1,\"name\":\"Home\",\"item\":\"https:\/\/www.iselection.com\/b2c\/\"},{\"@type\":\"ListItem\",\"position\":2,\"name\":\"D\u00e9claration d\u2019accessibilit\u00e9\"}]},{\"@type\":\"WebSite\",\"@id\":\"https:\/\/www.iselection.com\/b2c\/#website\",\"url\":\"https:\/\/www.iselection.com\/b2c\/\",\"name\":\"iSelection\",\"description\":\"\",\"potentialAction\":[{\"@type\":\"SearchAction\",\"target\":{\"@type\":\"EntryPoint\",\"urlTemplate\":\"https:\/\/www.iselection.com\/b2c\/?s={search_term_string}\"},\"query-input\":{\"@type\":\"PropertyValueSpecification\",\"valueRequired\":true,\"valueName\":\"search_term_string\"}}],\"inLanguage\":\"fr-FR\"}]}<\/script>\n<!-- \/ Yoast SEO Premium plugin. -->","yoast_head_json":{"title":"D\u00e9claration d\u2019accessibilit\u00e9 | iSelection","description":"ISELECTION s\u2019engage \u00e0 rendre ses sites internet, intranet, extranet et ses progiciels accessibles (et ses applications mobiles et mobilier urbain num\u00e9rique) conform\u00e9ment \u00e0 l\u2019article 47 de la loi n\u00b02005-102 du 11 f\u00e9vrier 2005. \u00c0 cette fin, ISELECTION...","robots":{"index":"index","follow":"follow","max-snippet":"max-snippet:-1","max-image-preview":"max-image-preview:large","max-video-preview":"max-video-preview:-1"},"canonical":"https:\/\/www.iselection.com\/b2c\/accessibilite\/","og_locale":"fr_FR","og_type":"article","og_title":"D\u00e9claration d\u2019accessibilit\u00e9","og_description":"ISELECTION s\u2019engage \u00e0 rendre ses sites internet, intranet, extranet et ses progiciels accessibles (et ses applications mobiles et mobilier urbain num\u00e9rique) conform\u00e9ment \u00e0 l\u2019article 47 de la loi n\u00b02005-102 du 11 f\u00e9vrier 2005. \u00c0 cette fin, ISELECTION...","og_url":"https:\/\/www.iselection.com\/b2c\/accessibilite\/","og_site_name":"iSelection","article_modified_time":"2026-04-27T13:15:48+00:00","twitter_card":"summary_large_image","schema":{"@context":"https:\/\/schema.org","@graph":[{"@type":"WebPage","@id":"https:\/\/www.iselection.com\/b2c\/accessibilite\/","url":"https:\/\/www.iselection.com\/b2c\/accessibilite\/","name":"D\u00e9claration d\u2019accessibilit\u00e9 | iSelection","isPartOf":{"@id":"https:\/\/www.iselection.com\/b2c\/#website"},"datePublished":"2025-09-17T13:24:00+00:00","dateModified":"2026-04-27T13:15:48+00:00","description":"ISELECTION s\u2019engage \u00e0 rendre ses sites internet, intranet, extranet et ses progiciels accessibles (et ses applications mobiles et mobilier urbain num\u00e9rique) conform\u00e9ment \u00e0 l\u2019article 47 de la loi n\u00b02005-102 du 11 f\u00e9vrier 2005. \u00c0 cette fin, ISELECTION...","breadcrumb":{"@id":"https:\/\/www.iselection.com\/b2c\/accessibilite\/#breadcrumb"},"inLanguage":"fr-FR","potentialAction":[{"@type":"ReadAction","target":["https:\/\/www.iselection.com\/b2c\/accessibilite\/"]}]},{"@type":"BreadcrumbList","@id":"https:\/\/www.iselection.com\/b2c\/accessibilite\/#breadcrumb","itemListElement":[{"@type":"ListItem","position":1,"name":"Home","item":"https:\/\/www.iselection.com\/b2c\/"},{"@type":"ListItem","position":2,"name":"D\u00e9claration d\u2019accessibilit\u00e9"}]},{"@type":"WebSite","@id":"https:\/\/www.iselection.com\/b2c\/#website","url":"https:\/\/www.iselection.com\/b2c\/","name":"iSelection","description":"","potentialAction":[{"@type":"SearchAction","target":{"@type":"EntryPoint","urlTemplate":"https:\/\/www.iselection.com\/b2c\/?s={search_term_string}"},"query-input":{"@type":"PropertyValueSpecification","valueRequired":true,"valueName":"search_term_string"}}],"inLanguage":"fr-FR"}]}},"_links":{"self":[{"href":"https:\/\/www.iselection.com\/b2c\/wp-json\/wp\/v2\/pages\/23276","targetHints":{"allow":["GET"]}}],"collection":[{"href":"https:\/\/www.iselection.com\/b2c\/wp-json\/wp\/v2\/pages"}],"about":[{"href":"https:\/\/www.iselection.com\/b2c\/wp-json\/wp\/v2\/types\/page"}],"author":[{"embeddable":true,"href":"https:\/\/www.iselection.com\/b2c\/wp-json\/wp\/v2\/users\/2"}],"replies":[{"embeddable":true,"href":"https:\/\/www.iselection.com\/b2c\/wp-json\/wp\/v2\/comments?post=23276"}],"version-history":[{"count":0,"href":"https:\/\/www.iselection.com\/b2c\/wp-json\/wp\/v2\/pages\/23276\/revisions"}],"wp:attachment":[{"href":"https:\/\/www.iselection.com\/b2c\/wp-json\/wp\/v2\/media?parent=23276"}],"curies":[{"name":"wp","href":"https:\/\/api.w.org\/{rel}","templated":true}]}}