{"id":21020,"date":"2025-09-03T09:06:41","date_gmt":"2025-09-03T07:06:41","guid":{"rendered":"https:\/\/www.iselection.com\/b2c\/?page_id=21020"},"modified":"2026-01-23T16:36:20","modified_gmt":"2026-01-23T15:36:20","slug":"nos-marques","status":"publish","type":"page","link":"https:\/\/www.iselection.com\/b2c\/nos-marques\/","title":{"rendered":"Nos marques"},"content":{"rendered":"\n<section class=\"block block-text-image variant-1_default right\" id=\"block--1\">\n  <div class=\"text-image-body\">\n    <div class=\"content stretched mobile_top\">\n  <div class=\"\" style=\"\" data-src=\"#\">\n    <img class=\"\" src=\"https:\/\/www.iselection.com\/wp-content\/images\/text-image\/27025-5_1_nos_marques_img_01_1_5x.jpg\" loading=\"lazy\" decoding=\"async\" width=\"1024\" height=\" 953\" role=\"presentation\" style=\"\"\/>  <\/div>\n  <div>\n    <div>\n      <h2>Notre mission<\/h2>\n<p>Autour d\u2019iSelection cet \u00e9cosyst\u00e8me <strong>r\u00e9unit des expertises compl\u00e9mentaires<\/strong> qui incarnent la richesse et la compl\u00e9mentarit\u00e9 de nos m\u00e9tiers au service de l\u2019investissement immobilier.<\/p>\n<p>Chacune d\u2019elles porte une r\u00e9ponse sp\u00e9cifique \u00e0 des besoins identifi\u00e9s, tout en s\u2019inscrivant dans une strat\u00e9gie commune : <strong>proposer une offre compl\u00e8te<\/strong> de produits et de services immobiliers \u00e0 forte valeur ajout\u00e9e.<\/p>\n<p>Cette dynamique est rendue possible gr\u00e2ce \u00e0 une collaboration \u00e9troite avec les promoteurs immobiliers, les bailleurs sociaux, les gestionnaires et l\u2019ensemble des acteurs de la cha\u00eene de valeur.<\/p>\n<p>La cr\u00e9ation et le d\u00e9ploiement de services compl\u00e9mentaires et de marche\u0301s annexes refl\u00e8te <strong>notre capacite\u0301 a\u0300 nous adapter e<\/strong>n toutes circonstances et \u00e0 nous inscrire dans une dynamique d\u2019e\u0301volution sur le long terme.<\/p>\n\n          <\/div>\n  <\/div>\n<\/div>  <\/div>\n<\/section>\n\n\n<section id=\"nos-marque-iselection\" class=\"block block-nos-marques-repeatable\">\n  <div class=\"nos-marques-body\">\n    <div>\n      <h3><strong>iSelection<\/strong><\/h3>\n      <div><p>Depuis 1996, iSelection accompagne des particuliers, des conseillers en gestion de patrimoine, des r\u00e9seaux bancaires, des courtiers et des agents immobiliers dans la <strong>recherche de biens adapt\u00e9s \u00e0 leurs besoins.<\/strong><\/p>\n<p>Nous avons commercialis\u00e9 plus de <strong>75 000 logements<\/strong> et d\u00e9ploy\u00e9 une force commerciale de pr\u00e8s de 150 conseillers \u00e0 travers toute la France, y compris en DOM-TOM.<br \/>\n<strong>Notre taux de satisfaction client est de 93,5 %,<\/strong> une performance qui repose sur une expertise approfondie et un service client de qualit\u00e9, comme en t\u00e9moigne la<strong> note de<\/strong> <strong>4,6\/5<\/strong> sur Google.<\/p>\n<p>Nous proposons des <strong>solutions d\u2019investissement<\/strong> en immobilier neuf et ancien r\u00e9habilit\u00e9, adapt\u00e9es aux objectifs patrimoniaux de nos clients : acc\u00e8s \u00e0 des r\u00e9gimes fiscaux cibl\u00e9s tels que le LMNP, le Denormandie, le D\u00e9ficit Foncier, la loi Malraux ou les Monuments Historiques. Nous les accompagnons \u00e9galement dans <strong>l\u2019acquisition de r\u00e9sidences principales<\/strong> <strong>ou secondaires,<\/strong> en mobilisant les dispositifs sp\u00e9cifiques au neuf.<\/p>\n<\/div>\n\n                    <div class=\"link-wrapper\">\n          <a href=\"https:\/\/www.iselection.com\/b2c\/programmes-immobilier\/\" target=\"\" class=\"cta\"><span>D\u00e9couvrir nos programmes immobiliers<\/span><\/a>\n        <\/div>\n          <\/div>\n    <div>\n              <img decoding=\"async\" src=\"https:\/\/www.iselection.com\/wp-content\/images\/nos-marques\/27027-iselection.jpg\" width=\"768\" height=\"715\" loading=\"lazy\" role=\"presentation\" \/>\n          <\/div>\n  <\/div>\n<\/section>\n\n\n<section id=\"nos-marque-acquis-by-iselection\" class=\"block block-nos-marques-repeatable\">\n  <div class=\"nos-marques-body\">\n    <div>\n      <h3><strong>AcquiS<\/strong> by iSelection<\/h3>\n      <div><h4>Lanc\u00e9e d\u00e9but 2025, AcquiS est une offre compl\u00e8te et innovante sp\u00e9cialement con\u00e7ue pour les agents immobiliers.<\/h4>\n<p>Solution unique sur le march\u00e9, elle allie une plateforme digitale \u00e0 un accompagnement commercial sans \u00e9quivalent, permettant aux professionnels de l&rsquo;immobilier de r\u00e9pondre efficacement aux besoins de leurs clients en mati\u00e8re de r\u00e9sidences principales ou de projet d\u2019investissement dans le neuf.<\/p>\n<\/div>\n\n              <div class=\"numbers-wrapper\">\n                      <h5>Chiffres cl\u00e9s :<\/h5>          <div class=\"numbers\">\n                          <div>\n                <div>+ de 30k<\/div>\n                <div>logements disponibles via la plateforme<\/div>\n              <\/div>\n                          <div>\n                <div>29 ans<\/div>\n                <div>d\u2019expertise dans l\u2019immobilier<\/div>\n              <\/div>\n                          <div>\n                <div>+ 2 000<\/div>\n                <div>programmes neufs ou r\u00e9habilit\u00e9s propos\u00e9s<\/div>\n              <\/div>\n                      <\/div>\n        <\/div>\n                    <div class=\"link-wrapper\">\n          <a href=\"https:\/\/www.acquis-immobilier.com\/\" target=\"_blank\" class=\"cta\"><span>Obtenir une d\u00e9mo gratuite<\/span><\/a>\n        <\/div>\n          <\/div>\n    <div>\n              <img decoding=\"async\" src=\"https:\/\/www.iselection.com\/wp-content\/images\/nos-marques\/27026-acquis.jpg\" width=\"768\" height=\"715\" loading=\"lazy\" role=\"presentation\" \/>\n          <\/div>\n  <\/div>\n<\/section>\n\n\n<section id=\"nos-marque-iselection-patrimoine\" class=\"block block-nos-marques-repeatable\">\n  <div class=\"nos-marques-body\">\n    <div>\n      <h3><strong>iSelection<\/strong> Patrimoine<\/h3>\n      <div><p><img decoding=\"async\" class=\"size-full wp-image-21042 aligncenter\" src=\"https:\/\/www.iselection.com\/wp-content\/uploads\/2025\/09\/pastille.png\" alt=\"\" width=\"174\" height=\"174\" \/><br \/>\niSelection Patrimoine est une offre d\u00e9di\u00e9e \u00e0 nos partenaires immobilier, leur fournissant des outils digitaux avanc\u00e9s pour accompagner leurs clients dans leurs projets immobiliers. Avec plus de 93,5 % de clients satisfaits, notre \u00e9quipe de 150 conseillers \u00e0 travers toute la France garantit un service personnalis\u00e9, couvrant tout le cycle immobilier, de l\u2019acquisition \u00e0 la mise en location.<\/p>\n<\/div>\n\n              <div class=\"numbers-wrapper\">\n                      <h5>Chiffres cl\u00e9s :<\/h5>          <div class=\"numbers\">\n                          <div>\n                <div> N\u00b01<\/div>\n                <div>Gestion de Fortune \r\n(dans la cat\u00e9gorie Plateforme Immobili\u00e8re)<\/div>\n              <\/div>\n                          <div>\n                <div>75 100<\/div>\n                <div>Logements commercialis\u00e9s<\/div>\n              <\/div>\n                          <div>\n                <div>63 000<\/div>\n                <div>Clients \r\naccompagn\u00e9s<\/div>\n              <\/div>\n                      <\/div>\n        <\/div>\n                    <div class=\"link-wrapper\">\n          <a href=\"https:\/\/www.iselection-patrimoine.com\/\" target=\"_blank\" class=\"cta\"><span>D\u00e9couvrir nos solutions pour les CGP<\/span><\/a>\n        <\/div>\n          <\/div>\n    <div>\n              <img decoding=\"async\" src=\"https:\/\/www.iselection.com\/wp-content\/images\/nos-marques\/27000-is-patrimoine.jpg\" width=\"768\" height=\"715\" loading=\"lazy\" role=\"presentation\" \/>\n          <\/div>\n  <\/div>\n<\/section>\n\n\n<section id=\"nos-marque-mon-achat-lmnp\" class=\"block block-nos-marques-repeatable\">\n  <div class=\"nos-marques-body\">\n    <div>\n      <h3><strong>Mon Achat<\/strong> LMNP<\/h3>\n      <div><p>Notre offre d\u00e9di\u00e9e au <strong>march\u00e9 secondaire de r\u00e9sidences g\u00e9r\u00e9es<\/strong> sous statut LMNP (Loueur Meubl\u00e9 Non Professionnel) a elle aussi \u00e9t\u00e9 pens\u00e9e pour mettre au service de nos clients acheteurs ou revendeurs et de nos partenaires notre savoir-faire dans le monde des r\u00e9sidences de services g\u00e9r\u00e9es. Cette connaissance nous a permis de retravailler notre stock de produits en s\u00e9lectionnant des biens fiables et qualitatifs avec une visibilit\u00e9 accrue sur les travaux, mais \u00e9galement sur le montant moyen des investissements, afin de garantir une rentabilit\u00e9 durable.<\/p>\n<h4>Pour aller plus loin, nous d\u00e9voilerons tr\u00e8s prochainement le nom de marque qui accompagnera cette activit\u00e9 et portera notre ambition sur ce march\u00e9.<\/h4>\n<\/div>\n\n                    <div class=\"link-wrapper\">\n          <a href=\"https:\/\/monachatlmnp.com\/\" target=\"_blank\" class=\"cta\"><span>Parlez \u00e0 un expert en LMNP<\/span><\/a>\n        <\/div>\n          <\/div>\n    <div>\n              <img decoding=\"async\" src=\"https:\/\/www.iselection.com\/wp-content\/images\/nos-marques\/26997-mon-achat-lmnp.jpg\" width=\"768\" height=\"715\" loading=\"lazy\" role=\"presentation\" \/>\n          <\/div>\n  <\/div>\n<\/section>\n\n\n<section id=\"nos-marque-realis\" class=\"block block-nos-marques-repeatable\">\n  <div class=\"nos-marques-body\">\n    <div>\n      <h3><strong>RealiS<\/strong><\/h3>\n      <div><p>Lanc\u00e9 en 2025, RealiS est un nouveau service de commercialisation en marque blanche \u00e0 destination des promoteurs. Un service essentiel pour les promoteurs qui n\u2019ont pas la force de frappe d\u2019une communication \u00e0 grande \u00e9chelle.<\/p>\n<p>RealiS accompagne les promoteurs de A \u00e0 Z dans l\u2019\u00e9coulement de leurs programmes, en alliant force commerciale et expertise locale.<\/p>\n<ul>\n<li>Un accompagnement unique au service des promoteurs<\/li>\n<li>Une vente assise pour traiter les leads entrants<\/li>\n<li>Un commercial d\u00e9di\u00e9 durant toute la vie du projet<\/li>\n<li>Un partenaire de confiance en marque blanche<\/li>\n<\/ul>\n<h4><strong>RealiS s\u2019appuie sur l\u2019expertise d\u2019iSelection<\/strong> pour accompagner les promoteurs avec agilit\u00e9 et efficacit\u00e9.<\/h4>\n<\/div>\n\n                    <div class=\"link-wrapper\">\n          <a href=\"https:\/\/www.iselection.com\/contact\/#0\" target=\"\" class=\"cta\"><span>En savoir plus<\/span><\/a>\n        <\/div>\n          <\/div>\n    <div>\n              <img decoding=\"async\" src=\"https:\/\/www.iselection.com\/wp-content\/images\/nos-marques\/27004-realis.jpg\" width=\"768\" height=\"715\" loading=\"lazy\" role=\"presentation\" \/>\n          <\/div>\n  <\/div>\n<\/section>\n\n\n<section id=\"nos-marque-2042-expertise\" class=\"block block-nos-marques-repeatable\">\n  <div class=\"nos-marques-body\">\n    <div>\n      <h3><strong>2042 Expertise<\/strong><\/h3>\n      <div><h4>2042 Expertise est une offre d\u2019expertise comptable sp\u00e9cialis\u00e9e dans l\u2019accompagnement des investisseurs en immobilier dans leurs d\u00e9marches comptables, fiscales et juridiques.<\/h4>\n<p>Le cabinet comptable accompagne les professionnels de l\u2019immobilier (portage de TVA et offre packag\u00e9e) ainsi que les clients gr\u00e2ce \u00e0 des \u00e9quipes sp\u00e9cialis\u00e9es en traitement LMNP (Loueur Meubl\u00e9 Non Professionnel).<\/p>\n<\/div>\n\n              <div class=\"numbers-wrapper\">\n                      <h5>Chiffres cl\u00e9s :<\/h5>          <div class=\"numbers\">\n                          <div>\n                <div>15 ans<\/div>\n                <div>d\u2019expertise<\/div>\n              <\/div>\n                          <div>\n                <div>+12k<\/div>\n                <div>clients accompagn\u00e9s<\/div>\n              <\/div>\n                          <div>\n                <div> N\u00b01<\/div>\n                <div>du traitement de la TVA au trimestre<\/div>\n              <\/div>\n                          <div>\n                <div>95%<\/div>\n                <div>de clients satisfaits<\/div>\n              <\/div>\n                      <\/div>\n        <\/div>\n                    <div class=\"link-wrapper\">\n          <a href=\"https:\/\/www.2042expertise.fr\/\" target=\"_blank\" class=\"cta\"><span>En savoir plus sur 2042 Expertise<\/span><\/a>\n        <\/div>\n          <\/div>\n    <div>\n              <img decoding=\"async\" src=\"https:\/\/www.iselection.com\/wp-content\/images\/nos-marques\/26998-2042-expertise.jpg\" width=\"768\" height=\"715\" loading=\"lazy\" role=\"presentation\" \/>\n          <\/div>\n  <\/div>\n<\/section>\n\n\n<section class=\"block block-alert\" id=\"block--2\">\n  <div class=\"alert-block-body alert-color-green \">\n    \n      \n    \n          <div>\n        <p><span style=\"color: #6ac2c2;\"><strong>Avec iSelection b\u00e9n\u00e9ficiez d\u2019un \u00e9cosyst\u00e8me immobilier solide et innovant. Nous avons accompagn\u00e9 la commercialisation de plus de 75 100 logements et continuons \u00e0 faire cro\u00eetre notre expertise chaque ann\u00e9e. Que vous soyez un investisseur particulier, un professionnel de l\u2019immobilier ou un promoteur, nos solutions sont con\u00e7ues pour r\u00e9pondre \u00e0 vos besoins et vous accompagner tout au long de votre parcours immobilier.<\/strong><\/span><\/p>\n      <\/div>\n    \n  <\/div>\n<\/section>\n\n\n<section class=\" block block-button\" id=\"block--3\">\n  <div class='button-body normal'>\n          <a class=\"cta white\" href=\"https:\/\/www.iselection.com\/contact\/\" target=\"\">\n        <span>\n          Prendre rendez-vous avec un conseiller                      <img decoding=\"async\" src=\"https:\/\/www.iselection.com\/wp-content\/uploads\/2025\/08\/mail.svg\" width=\"18\" height=\"18\" loading=\"lazy\" role=\"presentation\" \/>\n                  <\/span>\n      <\/a>\n      <\/div>\n<\/section>\n","protected":false},"excerpt":{"rendered":"<p>Dans un march\u00e9 immobilier en profonde mutation, l\u2019exigence de lisibilit\u00e9 et de coh\u00e9rence n\u2019a jamais \u00e9t\u00e9 aussi forte.\u00a0\u2028Pour r\u00e9pondre aux attentes croissantes des professionnels de l\u2019investissement &#8211; r\u00e9seaux bancaires, conseillers en gestion de&#8230;<\/p>\n","protected":false},"author":1,"featured_media":0,"parent":0,"menu_order":0,"comment_status":"closed","ping_status":"closed","template":"templates\/pages\/marques.php","meta":{"_acf_changed":true,"footnotes":""},"class_list":["post-21020","page","type-page","status-publish","hentry"],"acf":[],"yoast_head":"<!-- This site is optimized with the Yoast SEO Premium plugin v27.2 (Yoast SEO v27.2) - https:\/\/yoast.com\/product\/yoast-seo-premium-wordpress\/ -->\n<title>Nos marques | iSelection<\/title>\n<meta name=\"description\" content=\"Dans un march\u00e9 immobilier en profonde mutation, l\u2019exigence de lisibilit\u00e9 et de coh\u00e9rence n\u2019a jamais \u00e9t\u00e9 aussi forte.\u00a0\u2028Pour r\u00e9pondre aux attentes croissantes des professionnels de l\u2019investissement &#8211; r\u00e9seaux bancaires, conseillers en gestion de...\" \/>\n<meta name=\"robots\" content=\"index, follow, max-snippet:-1, max-image-preview:large, max-video-preview:-1\" \/>\n<link rel=\"canonical\" href=\"https:\/\/www.iselection.com\/b2c\/nos-marques\/\" \/>\n<meta property=\"og:locale\" content=\"fr_FR\" \/>\n<meta property=\"og:type\" content=\"article\" \/>\n<meta property=\"og:title\" content=\"Nos marques\" \/>\n<meta property=\"og:description\" content=\"Dans un march\u00e9 immobilier en profonde mutation, l\u2019exigence de lisibilit\u00e9 et de coh\u00e9rence n\u2019a jamais \u00e9t\u00e9 aussi forte.\u00a0\u2028Pour r\u00e9pondre aux attentes croissantes des professionnels de l\u2019investissement &#8211; r\u00e9seaux bancaires, conseillers en gestion de...\" \/>\n<meta property=\"og:url\" content=\"https:\/\/www.iselection.com\/b2c\/nos-marques\/\" \/>\n<meta property=\"og:site_name\" content=\"iSelection\" \/>\n<meta property=\"article:modified_time\" content=\"2026-01-23T15:36:20+00:00\" \/>\n<meta name=\"twitter:card\" content=\"summary_large_image\" \/>\n<script type=\"application\/ld+json\" class=\"yoast-schema-graph\">{\"@context\":\"https:\/\/schema.org\",\"@graph\":[{\"@type\":\"WebPage\",\"@id\":\"https:\/\/www.iselection.com\/b2c\/nos-marques\/\",\"url\":\"https:\/\/www.iselection.com\/b2c\/nos-marques\/\",\"name\":\"Nos marques | iSelection\",\"isPartOf\":{\"@id\":\"https:\/\/www.iselection.com\/b2c\/#website\"},\"datePublished\":\"2025-09-03T07:06:41+00:00\",\"dateModified\":\"2026-01-23T15:36:20+00:00\",\"description\":\"Dans un march\u00e9 immobilier en profonde mutation, l\u2019exigence de lisibilit\u00e9 et de coh\u00e9rence n\u2019a jamais \u00e9t\u00e9 aussi forte.\u00a0\\u2028Pour r\u00e9pondre aux attentes croissantes des professionnels de l\u2019investissement &#8211; r\u00e9seaux bancaires, conseillers en gestion de...\",\"breadcrumb\":{\"@id\":\"https:\/\/www.iselection.com\/b2c\/nos-marques\/#breadcrumb\"},\"inLanguage\":\"fr-FR\",\"potentialAction\":[{\"@type\":\"ReadAction\",\"target\":[\"https:\/\/www.iselection.com\/b2c\/nos-marques\/\"]}]},{\"@type\":\"BreadcrumbList\",\"@id\":\"https:\/\/www.iselection.com\/b2c\/nos-marques\/#breadcrumb\",\"itemListElement\":[{\"@type\":\"ListItem\",\"position\":1,\"name\":\"Home\",\"item\":\"https:\/\/www.iselection.com\/b2c\/\"},{\"@type\":\"ListItem\",\"position\":2,\"name\":\"Nos marques\"}]},{\"@type\":\"WebSite\",\"@id\":\"https:\/\/www.iselection.com\/b2c\/#website\",\"url\":\"https:\/\/www.iselection.com\/b2c\/\",\"name\":\"iSelection\",\"description\":\"\",\"potentialAction\":[{\"@type\":\"SearchAction\",\"target\":{\"@type\":\"EntryPoint\",\"urlTemplate\":\"https:\/\/www.iselection.com\/b2c\/?s={search_term_string}\"},\"query-input\":{\"@type\":\"PropertyValueSpecification\",\"valueRequired\":true,\"valueName\":\"search_term_string\"}}],\"inLanguage\":\"fr-FR\"}]}<\/script>\n<!-- \/ Yoast SEO Premium plugin. -->","yoast_head_json":{"title":"Nos marques | iSelection","description":"Dans un march\u00e9 immobilier en profonde mutation, l\u2019exigence de lisibilit\u00e9 et de coh\u00e9rence n\u2019a jamais \u00e9t\u00e9 aussi forte.\u00a0\u2028Pour r\u00e9pondre aux attentes croissantes des professionnels de l\u2019investissement &#8211; r\u00e9seaux bancaires, conseillers en gestion de...","robots":{"index":"index","follow":"follow","max-snippet":"max-snippet:-1","max-image-preview":"max-image-preview:large","max-video-preview":"max-video-preview:-1"},"canonical":"https:\/\/www.iselection.com\/b2c\/nos-marques\/","og_locale":"fr_FR","og_type":"article","og_title":"Nos marques","og_description":"Dans un march\u00e9 immobilier en profonde mutation, l\u2019exigence de lisibilit\u00e9 et de coh\u00e9rence n\u2019a jamais \u00e9t\u00e9 aussi forte.\u00a0\u2028Pour r\u00e9pondre aux attentes croissantes des professionnels de l\u2019investissement &#8211; r\u00e9seaux bancaires, conseillers en gestion de...","og_url":"https:\/\/www.iselection.com\/b2c\/nos-marques\/","og_site_name":"iSelection","article_modified_time":"2026-01-23T15:36:20+00:00","twitter_card":"summary_large_image","schema":{"@context":"https:\/\/schema.org","@graph":[{"@type":"WebPage","@id":"https:\/\/www.iselection.com\/b2c\/nos-marques\/","url":"https:\/\/www.iselection.com\/b2c\/nos-marques\/","name":"Nos marques | iSelection","isPartOf":{"@id":"https:\/\/www.iselection.com\/b2c\/#website"},"datePublished":"2025-09-03T07:06:41+00:00","dateModified":"2026-01-23T15:36:20+00:00","description":"Dans un march\u00e9 immobilier en profonde mutation, l\u2019exigence de lisibilit\u00e9 et de coh\u00e9rence n\u2019a jamais \u00e9t\u00e9 aussi forte.\u00a0\u2028Pour r\u00e9pondre aux attentes croissantes des professionnels de l\u2019investissement &#8211; r\u00e9seaux bancaires, conseillers en gestion de...","breadcrumb":{"@id":"https:\/\/www.iselection.com\/b2c\/nos-marques\/#breadcrumb"},"inLanguage":"fr-FR","potentialAction":[{"@type":"ReadAction","target":["https:\/\/www.iselection.com\/b2c\/nos-marques\/"]}]},{"@type":"BreadcrumbList","@id":"https:\/\/www.iselection.com\/b2c\/nos-marques\/#breadcrumb","itemListElement":[{"@type":"ListItem","position":1,"name":"Home","item":"https:\/\/www.iselection.com\/b2c\/"},{"@type":"ListItem","position":2,"name":"Nos marques"}]},{"@type":"WebSite","@id":"https:\/\/www.iselection.com\/b2c\/#website","url":"https:\/\/www.iselection.com\/b2c\/","name":"iSelection","description":"","potentialAction":[{"@type":"SearchAction","target":{"@type":"EntryPoint","urlTemplate":"https:\/\/www.iselection.com\/b2c\/?s={search_term_string}"},"query-input":{"@type":"PropertyValueSpecification","valueRequired":true,"valueName":"search_term_string"}}],"inLanguage":"fr-FR"}]}},"_links":{"self":[{"href":"https:\/\/www.iselection.com\/b2c\/wp-json\/wp\/v2\/pages\/21020","targetHints":{"allow":["GET"]}}],"collection":[{"href":"https:\/\/www.iselection.com\/b2c\/wp-json\/wp\/v2\/pages"}],"about":[{"href":"https:\/\/www.iselection.com\/b2c\/wp-json\/wp\/v2\/types\/page"}],"author":[{"embeddable":true,"href":"https:\/\/www.iselection.com\/b2c\/wp-json\/wp\/v2\/users\/1"}],"replies":[{"embeddable":true,"href":"https:\/\/www.iselection.com\/b2c\/wp-json\/wp\/v2\/comments?post=21020"}],"version-history":[{"count":0,"href":"https:\/\/www.iselection.com\/b2c\/wp-json\/wp\/v2\/pages\/21020\/revisions"}],"wp:attachment":[{"href":"https:\/\/www.iselection.com\/b2c\/wp-json\/wp\/v2\/media?parent=21020"}],"curies":[{"name":"wp","href":"https:\/\/api.w.org\/{rel}","templated":true}]}}